he remainder when 1024 is divided by 399?
226
Calculate the remainder when 10139 is divided by 1.
0
Calculate the remainder when 16969 is divided by 5642.
43
Calculate the remainder when 11408 is divided by 395.
348
Calculate the remainder when 12402 is divided by 4835.
2732
What is the remainder when 4509 is divided by 362?
165
What is the remainder when 307279 is divided by 102369?
172
Calculate the remainder when 2656 is divided by 516.
76
What is the remainder when 1463 is divided by 415?
218
Calculate the remainder when 2737 is divided by 59.
23
Calculate the remainder when 426424 is divided by 143.
141
What is the remainder when 19769 is divided by 192?
185
Calculate the remainder when 67896 is divided by 22628.
12
Calculate the remainder when 2539 is divided by 324.
271
What is the remainder when 10102754 is divided by 38?
36
What is the remainder when 61357 is divided by 61348?
9
What is the remainder when 562 is divided by 45?
22
What is the remainder when 4021379 is divided by 2031?
2030
Calculate the remainder when 224376 is divided by 22437.
6
Calculate the remainder when 7139 is divided by 115.
9
Calculate the remainder when 215277 is divided by 260.
257
What is the remainder when 2347 is divided by 60?
7
What is the remainder when 63416 is divided by 1626?
2
Calculate the remainder when 4155 is divided by 1029.
39
Calculate the remainder when 16536 is divided by 1837.
3
What is the remainder when 6922 is divided by 210?
202
Calculate the remainder when 245440 is divided by 39.
13
What is the remainder when 82006 is divided by 67?
65
Calculate the remainder when 4664 is divided by 1498.
170
Calculate the remainder when 226649 is divided by 804.
725
Calculate the remainder when 3267022 is divided by 48.
46
Calculate the remainder when 4629 is divided by 334.
287
What is the remainder when 264148 is divided by 23?
16
Calculate the remainder when 10411 is divided by 861.
79
What is the remainder when 31326 is divided by 97?
92
What is the remainder when 19818 is divided by 4937?
70
Calculate the remainder when 2592952 is divided by 66.
10
What is the remainder when 4562 is divided by 55?
52
What is the remainder when 5359 is divided by 480?
79
Calculate the remainder when 354821 is divided by 25.
21
Calculate the remainder when 6086 is divided by 63.
38
Calculate the remainder when 17574 is divided by 4392.
6
Calculate the remainder when 1833 is divided by 1674.
159
Calculate the remainder when 78505 is divided by 2015.
1935
What is the remainder when 43 is divided by 1?
0
What is the remainder when 34053 is divided by 22?
19
Calculate the remainder when 1624 is divided by 420.
364
What is the remainder when 155390 is divided by 196?
158
What is the remainder when 8247 is divided by 276?
243
Calculate the remainder when 4726 is divided by 46.
34
What is the remainder when 12024 is divided by 481?
480
Calculate the remainder when 16434 is divided by 87.
78
What is the remainder when 77454 is divided by 2151?
18
What is the remainder when 79687 is divided by 10?
7
What is the remainder when 14272 is divided by 13924?
348
Calculate the remainder when 208679 is divided by 306.
293
Calculate the remainder when 195049 is divided by 242.
239
Calculate the remainder when 7555 is divided by 2513.
16
Calculate the remainder when 126539 is divided by 2.
1
Calculate the remainder when 18346 is divided by 84.
34
Calculate the remainder when 216894 is divided by 8.
6
Calculate the remainder when 19503 is divided by 448.
239
Calculate the remainder when 558 is divided by 377.
181
Calculate the remainder when 4007 is divided by 6.
5
What is the remainder when 31792 is divided by 7945?
12
Calculate the remainder when 93843 is divided by 46908.
27
What is the remainder when 90887 is divided by 148?
15
What is the remainder when 12186 is divided by 1159?
596
Calculate the remainder when 16763 is divided by 3351.
8
What is the remainder when 210723 is divided by 105347?
29
What is the remainder when 19134 is divided by 465?
69
What is the remainder when 10408 is divided by 2596?
24
What is the remainder when 8072 is divided by 279?
260
What is the remainder when 1352 is divided by 649?
54
Calculate the remainder when 6046521 is divided by 16.
9
What is the remainder when 742693 is divided by 1016?
1013
What is the remainder when 242502 is divided by 281?
280
What is the remainder when 5139 is divided by 1220?
259
What is the remainder when 337473 is divided by 69?
63
What is the remainder when 550827 is divided by 7983?
0
What is the remainder when 19658 is divided by 308?
254
What is the remainder when 9639 is divided by 1760?
839
What is the remainder when 20442 is divided by 930?
912
Calculate the remainder when 433691 is divided by 21.
20
What is the remainder when 177629 is divided by 488?
485
What is the remainder when 1022874 is divided by 25?
24
Calculate the remainder when 49064 is divided by 24532.
0
Calculate the remainder when 8403 is divided by 7877.
526
What is the remainder when 99080 is divided by 154?
58
What is the remainder when 662 is divided by 203?
53
Calculate the remainder when 3416 is divided by 214.
206
Calculate the remainder when 12433 is divided by 730.
23
What is the remainder when 1558 is divided by 121?
106
What is the remainder when 131076 is divided by 835?
816
Calculate the remainder when 11453 is divided by 814.
57
What is the remainder when 7298 is divided by 84?
74
Calculate the remainder when 157088 is divided by 157063.
25
Calculate the remainder when 2662 is divided by 156.
10
What is the remainder when 57283 is divided by 67?
65
Calculate the remainder when 168346 is divided by 61.
47
What is the remainder when 1189461 is divided by 29?
26
Calculate the remainder when 100545 is divided by 280.
25
Calculate the remainder when 327474 is divided by 25.
24
What is the remainder when 3932 is divided by 7?
5
What is the remainder when 2787 is divided by 214?
5
What is the remainder when 22969 is divided by 1061?
688
What is the remainder when 111372 is divided by 728?
716
What is the remainder when 24093 is divided by 241?
234
Calculate the remainder when 1859 is divided by 927.
5
Calculate the remainder when 36587 is divided by 12.
11
What is the remainder when 5902 is divided by 819?
169
What is the remainder when 23037 is divided by 87?
69
What is the remainder when 313 is divided by 305?
8
Calculate the remainder when 410977 is divided by 52.
21
What is the remainder when 39454 is divided by 1?
0
Calculate the remainder when 1362514 is divided by 35.
34
What is the remainder when 590 is divided by 192?
14
Calculate the remainder when 20401 is divided by 2262.
43
Calculate the remainder when 2174 is divided by 550.
524
Calculate the remainder when 369 is divided by 130.
109
What is the remainder when 183323 is divided by 12?
11
What is the remainder when 8164 is divided by 240?
4
Calculate the remainder when 5517 is divided by 1663.
528
What is the remainder when 51520 is divided by 263?
235
Calculate the remainder when 2525 is divided by 5.
0
Calculate the remainder when 419731 is divided by 27.
16
Calculate the remainder when 234349 is divided by 388.
385
What is the remainder when 3354 is divided by 1038?
240
What is the remainder when 2113 is divided by 162?
7
Calculate the remainder when 398015 is divided by 751.
736
What is the remainder when 13376 is divided by 486?
254
Calculate the remainder when 13704 is divided by 1951.
47
Calculate the remainder when 2476 is divided by 83.
69
What is the remainder when 910 is divided by 5?
0
What is the remainder when 6735 is divided by 161?
134
What is the remainder when 4872 is divided by 157?
5
What is the remainder when 89689 is divided by 3?
1
Calculate the remainder when 301323 is divided by 130.
113
What is the remainder when 45416 is divided by 53?
48
Calculate the remainder when 25897 is divided by 465.
322
What is the remainder when 1067593 is divided by 333?
328
Calculate the remainder when 37064 is divided by 18524.
16
Calculate the remainder when 7103 is divided by 7000.
103
What is the remainder when 7032 is divided by 873?
48
What is the remainder when 51830 is divided by 88?
86
What is the remainder when 378650 is divided by 362?
360
Calculate the r